{"id":1138,"date":"2021-11-29T12:27:13","date_gmt":"2021-11-29T15:27:13","guid":{"rendered":"https:\/\/dr2py.com\/casa-nieves\/producto\/termo-acero-13lts-cerro-porteno\/"},"modified":"2021-12-04T12:02:37","modified_gmt":"2021-12-04T15:02:37","slug":"termo-acero-13lts-cerro-porteno","status":"publish","type":"product","link":"https:\/\/dr2py.com\/casa-nieves\/producto\/termo-acero-13lts-cerro-porteno\/","title":{"rendered":"termo acero 1,3lts cerro porte\u00f1o"},"content":{"rendered":"<p>termo de acero inoxidable con guampa, forrado con cuerina, cerro porte\u00f1o, para mate y terer\u00e9, agua fria y caliente, 1,3 litros.<\/p>\n","protected":false},"excerpt":{"rendered":"<p>termo acero 1,3lts forrado cerro porte\u00f1o con guampa.<\/p>\n","protected":false},"featured_media":1137,"template":"","meta":[],"product_brand":[],"product_cat":[16],"product_tag":[177,144,152,145,146,148,149],"class_list":{"0":"post-1138","1":"product","2":"type-product","3":"status-publish","4":"has-post-thumbnail","6":"product_cat-casa-nieves","7":"product_tag-1-3lts","8":"product_tag-acero","9":"product_tag-cerro","10":"product_tag-cuerina","11":"product_tag-mate","12":"product_tag-terere","13":"product_tag-termo","15":"first","16":"instock","17":"shipping-taxable","18":"purchasable","19":"product-type-simple"},"jetpack_sharing_enabled":true,"_links":{"self":[{"href":"https:\/\/dr2py.com\/casa-nieves\/wp-json\/wp\/v2\/product\/1138","targetHints":{"allow":["GET"]}}],"collection":[{"href":"https:\/\/dr2py.com\/casa-nieves\/wp-json\/wp\/v2\/product"}],"about":[{"href":"https:\/\/dr2py.com\/casa-nieves\/wp-json\/wp\/v2\/types\/product"}],"wp:featuredmedia":[{"embeddable":true,"href":"https:\/\/dr2py.com\/casa-nieves\/wp-json\/wp\/v2\/media\/1137"}],"wp:attachment":[{"href":"https:\/\/dr2py.com\/casa-nieves\/wp-json\/wp\/v2\/media?parent=1138"}],"wp:term":[{"taxonomy":"product_brand","embeddable":true,"href":"https:\/\/dr2py.com\/casa-nieves\/wp-json\/wp\/v2\/product_brand?post=1138"},{"taxonomy":"product_cat","embeddable":true,"href":"https:\/\/dr2py.com\/casa-nieves\/wp-json\/wp\/v2\/product_cat?post=1138"},{"taxonomy":"product_tag","embeddable":true,"href":"https:\/\/dr2py.com\/casa-nieves\/wp-json\/wp\/v2\/product_tag?post=1138"}],"curies":[{"name":"wp","href":"https:\/\/api.w.org\/{rel}","templated":true}]}}